{"id":1514,"date":"2025-07-16T07:17:32","date_gmt":"2025-07-16T10:17:32","guid":{"rendered":"https:\/\/tvdiario.com.br\/comercial\/?page_id=1514"},"modified":"2025-07-17T10:18:56","modified_gmt":"2025-07-17T13:18:56","slug":"campanhas-de-video","status":"publish","type":"page","link":"https:\/\/tvdiario.com.br\/comercial\/campanhas-de-video\/","title":{"rendered":"Campanhas de V\u00eddeo"},"content":{"rendered":"\n<p class=\"has-medium-font-size\">A m\u00eddia b\u00e1sica de cada plano \u00e9 planejada de acordo com a adequa\u00e7\u00e3o ao tema e&nbsp;estrat\u00e9gia do patrocinador.<\/p>\n\n\n\n<p class=\"has-medium-font-size\">Cada tema tem de um a tr\u00eas v\u00eddeos de 15&#8243; ou 30&#8243;, com assinatura do patrocinador.<\/p>\n\n\n\n<p class=\"has-medium-font-size\"><br><strong>OS V\u00cdDEOS FORAM PRODUZIDOS PELA GLOBO E N\u00c3O TER\u00c3O CUSTOS PARA O ANUNCIANTE!<\/strong><\/p>\n\n\n\n<p class=\"has-medium-font-size\">Consulte seu executivo de atendimento e conhe\u00e7a todos as vantagens e os detalhes desta grande oportunidade!<\/p>\n\n\n\n<p class=\"has-medium-font-size\"><strong><a href=\"https:\/\/tvdiario.com.br\/comercial\/images\/pdf\/campanhasdevideo2022.pdf\">CLIQUE AQUI E ASSISTA TODOS OS V\u00cdDEOS!<\/a><\/strong><\/p>\n\n\n\n<p class=\"has-medium-font-size\"><\/p>\n","protected":false},"excerpt":{"rendered":"<p>A m\u00eddia b\u00e1sica de cada plano \u00e9 planejada de acordo com a adequa\u00e7\u00e3o ao tema e&nbsp;estrat\u00e9gia do patrocinador. Cada tema tem de um a tr\u00eas v\u00eddeos de 15&#8243; ou 30&#8243;, &#8230;<\/p>\n","protected":false},"author":1,"featured_media":0,"parent":0,"menu_order":0,"comment_status":"closed","ping_status":"closed","template":"template-fullwidth.php","meta":{"footnotes":""},"class_list":["post-1514","page","type-page","status-publish","hentry"],"_links":{"self":[{"href":"https:\/\/tvdiario.com.br\/comercial\/wp-json\/wp\/v2\/pages\/1514","targetHints":{"allow":["GET"]}}],"collection":[{"href":"https:\/\/tvdiario.com.br\/comercial\/wp-json\/wp\/v2\/pages"}],"about":[{"href":"https:\/\/tvdiario.com.br\/comercial\/wp-json\/wp\/v2\/types\/page"}],"author":[{"embeddable":true,"href":"https:\/\/tvdiario.com.br\/comercial\/wp-json\/wp\/v2\/users\/1"}],"replies":[{"embeddable":true,"href":"https:\/\/tvdiario.com.br\/comercial\/wp-json\/wp\/v2\/comments?post=1514"}],"version-history":[{"count":4,"href":"https:\/\/tvdiario.com.br\/comercial\/wp-json\/wp\/v2\/pages\/1514\/revisions"}],"predecessor-version":[{"id":1561,"href":"https:\/\/tvdiario.com.br\/comercial\/wp-json\/wp\/v2\/pages\/1514\/revisions\/1561"}],"wp:attachment":[{"href":"https:\/\/tvdiario.com.br\/comercial\/wp-json\/wp\/v2\/media?parent=1514"}],"curies":[{"name":"wp","href":"https:\/\/api.w.org\/{rel}","templated":true}]}}